1/20*d**5 - 1/6*d**3. What is the units digit of f(2)?
1
Suppose -7 = -4*j + 1. Suppose -9 = -j*p - p. What is the units digit of p?
3
Let o(x) = x**2 + 3*x - 2. What is the units digit of o(3)?
6
Let v(u) = -6*u - 2. Let g be (6 - 5) + (-5)/1. What is the units digit of v(g)?
2
Let f = 10 + -10. Let l = f + 4. What is the units digit of l?
4
Let l = 5 + -3. Let g = 0 + l. What is the units digit of (4/10)/(g/10)?
2
Let f be (20 - 2) + 2 - 4. Suppose -2*j - 18 = -4*b, 4*b + 17 = 5*j - 8*j. Let c = j + f. What is the units digit of c?
9
Let o(j) = j**3 - j**2 - 3*j - 2. What is the units digit of o(3)?
7
Let d be 135/5 + (-1)/(-1). Suppose 0 = -3*p + p + d. What is the tens digit of p?
1
Let l be -1 + (-4)/(-6)*-3. Let p be 6/(l*1) - -2. Suppose -5*z + p + 10 = 0. What is the units digit of z?
2
What is the tens digit of (-69)/((-6)/(-4) + -3)?
4
Let t be 0/((1 + 0)*-1). Let j be -1*(t/(-2) + 1). What is the units digit of 7 - (1 + -1 + j)?
8
Let c(l) = -33*l**3 - l**2 - l - 1. What is the tens digit of c(-1)?
3
Suppose 2*i = -2*i. Let k be i + -4 - (-7 + 5). What is the tens digit of (-11)/(k/(2/1))?
1
Let z = 7 + -2. Suppose -3*i + 4*g = g + 9, 3*g = -z*i + 25. Suppose 5*v - i = 3*o - 29, 0 = -2*v. What is the units digit of o?
9
Let n be (-25)/(-7) - 8/14. Suppose -n*t - t + r = -97, 2*t + 4*r - 44 = 0. What is the units digit of t?
4
Suppose k + 30 = -4*k. What is the tens digit of k + 18 - 1/1?
1
Let y(r) = -36*r + 18. What is the tens digit of y(-3)?
2
Suppose 5*b - b - 8 = 0. Suppose -2*l - 143 = -3*h, -4*l + 112 = b*h - 2*l. What is the units digit of h?
1
Let x be 4/6 - (-564)/(-9). Let n = -44 - x. What is the tens digit of n?
1
Suppose 8*o - 3*o + 96 = 4*u, o - 53 = -3*u. What is the units digit of u?
9
Suppose -3*a = 2*a + 4*g - 35, 5*a - 25 = -2*g. Suppose 6*f = 2*f + a*p + 41, -3*p = -15. What is the units digit of 366/42 + 4/f?
9
Let q(d) = d - 1. Let g(s) = 2. Suppose -3*u + 4 - 1 = 0. Let k(a) = u*q(a) + g(a). What is the units digit of k(4)?
5
Let i(n) = -n**3 + 6*n**2 + 7*n + 4. Let u be i(7). Suppose -3*a - 16 = -u*p, 5*p - 3*p - 8 = 4*a. Suppose a*z = -2*z + 18. What is the units digit of z?
9
Suppose 4*q + 5 = 5*q. Let u = q - -2. What is the units digit of u?
7
Suppose -5*z + 0*z + 65 = 0. Let x = z + -11. What is the units digit of x?
2
Suppose -c - 2*c = 0. What is the units digit of (52/4)/(c + 1)?
3
Suppose 2*q = q + 25. What is the tens digit of q?
2
Let v(z) = z**3 - 6*z**2 - 10*z - 7. What is the tens digit of v(8)?
4
Let s(d) = -d**3 - 4*d**2 + 1. Let k be s(-4). What is the units digit of -42*1*(k - 2)?
2
Suppose 0 = 3*u - 256 - 455. What is the hundreds digit of u?
2
Let y be 2052/16 - 1/4. Suppose y = 3*s - 4*j, 2*j = -3*j - 25. Suppose 0 = -4*t + 2*t + s. What is the units digit of t?
8
Let a = -84 - -128. Let o(z) = -z**3 - 4*z**2 + 4*z - 5. Let p be o(-5). Suppose 4*d + p*d - a = 0. What is the units digit of d?
1
Let f be (58/8)/(10/(-40)). Let d = 56 + f. What is the tens digit of d?
2
Suppose -5*k + 25 = -0*k. Suppose -5*z = -0*c - 5*c, 4*z = 5*c. Suppose 5*s = z, u - 2*s - s = k. What is the units digit of u?
5
Let n(y) = -y - 1. Let v be n(-5). Let u be (-1)/v - 34/(-8). Suppose u*h - 13 = -5. What is the units digit of h?
2
Suppose -33 - 7 = -2*r. Let f be ((-24)/(-10))/(3/r). Suppose -3*v + 2 + f = 0. What is the units digit of v?
6
Suppose -k = 4 + 1. Let m(c) = c**2 + 4*c + 6. What is the tens digit of m(k)?
1
Suppose -2*y + y = 10. Let r = y - -16. What is the units digit of r?
6
Let z(m) = -m**3 - 6*m**2 - 5*m + 4. Let h be z(-5). Let v = h + -4. Suppose -5*r = 2*q - 7, 2*q + r + 0*r - 19 = v. What is the tens digit of q?
1
Suppose 4 = -2*j, 0 = x - 4*j - 26 - 23. What is the units digit of x?
1
Let b = 19 + 99. What is the units digit of b?
8
Suppose -4*a + 2*a = -10. Suppose 3*i + 4*d - 37 = -0*i, 4*i - 51 = -a*d. What is the units digit of i?
9
Let p = 11 - 3. Let k = p + -2. What is the units digit of k?
6
Let n = -78 - -251. What is the hundreds digit of n?
1
Let r be 0/((4 + -2)*1). Suppose r = 2*o - 1 - 1. What is the units digit of (-1 - -2 - 0) + o?
2
Suppose 4*s = -d + 57, 5*d - 4*s = -2*s + 351. What is the tens digit of d?
6
Suppose 4*m + t = 33, 2*m = -3*m + t + 39. Let b = -6 + m. Suppose 5*i = u - 13, b*u - 5*u + 11 = -i. What is the units digit of u?
3
Let q(l) = l**2 - 6*l - 11. Let k be q(8). Suppose u = -2*c - 3*c + 40, -5*u - k*c + 100 = 0. What is the units digit of u?
5
Suppose 3*q - 4 + 16 = 0, 4*c - 3*q - 24 = 0. Suppose 0 = 3*k + 2*k, -2*x = c*k - 8. Suppose -4*d + u = -2*u - 9, 0 = x*u - 4. What is the units digit of d?
3
Suppose 19*y = 14*y + 80. What is the units digit of y?
6
Suppose -7*k = b - 2*k - 181, 4*b - 609 = 3*k. What is the hundreds digit of b?
1
Suppose 0 = 4*v + 5*n - 325, -v = -5*n - 0*n - 75. Suppose 0*l - 5*b - 37 = -4*l, -5*l - 5*b = -v. What is the units digit of l?
3
What is the units digit of 1 + (-141)/(-3) + -1?
7
Let r(x) = 7*x**2 - x + 7. Let t(d) = 8*d**2 - d + 6. Let v(c) = -c + 1. Let n be v(-5). Let y(u) = n*t(u) - 5*r(u). What is the units digit of y(1)?
3
Let t be -11*-2*1*1. Suppose 11 = -3*x + 131. Let d = x - t. What is the units digit of d?
8
What is the units digit of (122/4)/((-10)/(-20))?
1
Let c = -46 + 101. What is the units digit of c?
5
Let d(n) = n**2 + 6*n - 28. What is the tens digit of d(-12)?
4
Suppose -j + 5 - 3 = 0. Suppose j*b = -2*b + 36. What is the units digit of b?
9
Let h(c) = -c - 5 + 5 + 4*c**2 - c**3. What is the units digit of h(3)?
6
What is the hundreds digit of 1/(-2 + (-6)/(-4)) - -220?
2
Let c(j) = -j**3 + 4*j**2 - 4*j - 5. Let q be c(4). Suppose 3*p - 2*d - 87 = 2*d, 0 = -p + 3*d + 29. Let u = q + p. What is the units digit of u?
8
Let v be (9/3 - -1)/2. Suppose 96 = 3*j - 2*i - 13, 4*i = -v*j + 46. Suppose -3*p + 5*p = -2, 5*b = 3*p + j. What is the units digit of b?
6
What is the units digit of ((-1715)/(-28))/(2/8)?
5
Let t be (1 - 26) + (-9)/(-3). Let q = -8 - t. What is the tens digit of q?
1
Suppose -4*x = -96 - 8. What is the units digit of x?
6
Let g(t) = -20*t**3 + 3*t**2 + 4*t + 4. What is the tens digit of g(-2)?
6
Suppose -3*g + 35 = -2*g. Suppose -u = -n - 8, -4*u - n = -6*n - g. Suppose -x - 17 = -u*k, -8 = -4*x - 2*k + 3*k. What is the units digit of x?
3
Let j(z) = -z + 33. Let g be (-6)/4*112/(-12). What is the units digit of j(g)?
9
Let o be 1 - (-20 + 2/2). Let h = o - 42. What is the units digit of (-4)/(-8) + h/(-4)?
6
Let k = -5 - -18. Let m = -6 + k. What is the units digit of m?
7
Let o = 3 - 5. Let t be (7 + o + 1)/2. What is the units digit of (t - 1) + -3 - -3?
2
Suppose 0 = -3*r - 0*r + 489. What is the hundreds digit of r?
1
Let r be 2/3 - (-4)/3. Suppose -3*a + r*s = s - 67, a - 4*s = 26. What is the units digit of a?
2
What is the units digit of ((-52)/(-4))/(2/4)?
6
Let a = -4 - -3. Let w = 1 + a. What is the units digit of 1 + w - (-3 + 0)?
4
Let c(s) be the first derivative of s**4/4 + s**3/3 + 16*s - 1. Let v be 0/(0 + -4 + 1). What is the tens digit of c(v)?
1
Let d(z) = 98*z**3 + 2*z**2 - 2*z + 1. What is the units digit of d(1)?
9
Suppose 0 = n + 3*n - 8. Suppose j + 4*r - n - 4 = 0, 4*j = -4*r + 36. What is the units digit of j?
0
Suppose -3*m + 135 = -0*m. What is the tens digit of m?
4
Suppose 40 = 4*z - 24. What is the units digit of z - (-5 + 4/2)?
9
Suppose 0 = 2*x + 3*h - 106, 0 = 3*x + 2*x + h - 239. What is the tens digit of x?
4
Let t = 1 - -2. Let s be t + -1 + 3 + 0. Suppose -34 = -s*l + 1. What is the units digit of l?
7
Suppose g = -g. Suppose g = u - 3 + 2. What is the units digit of u?
1
Suppose -n - 9 = -31. Let g = n + -9. What is the units digit of g?
3
Suppose 0 = -8*y + 5*y - 18. What is the units digit of 15*(-2 - 16/y)?
0
Let j(l) = -5*l + 12. What is the units digit of j(-5)?
7
What is the tens digit of ((-30)/(-7))/(-3 + 215/70)?
6
Let u(z) = 6*z**2 - 4 + 3*z**3 - 4*z**3 + 9 - 2*z. Let q be u(6). Let d = q - -12. What is the units digit of d?
5
Let t(k) = -4*k - 10. What is the tens digit of t(-8)?
2
Let j(s) = 2*s - 8. Let q be j(6). Let d(o) = 17*o - 9. What is the units digit of d(q)?
9
Let r = 9 - 13. Let j be 3/(-12) + 46/(-8). What is the units digit of r/j + 1/3?
1
What is the hundreds digit of (-2)/(-5) + (-2452)/(-20)?
1
Let s(y) =